 - (29 + (-26 - -2))
-16
(9 - (17 + -15)) + (-28 - (1 - 0))
-22
Evaluate -5 + (-4 - -11) - -1 - 9.
-6
Calculate 20 - 13 - 1 - (4 - 1).
3
Calculate (-1 - 7) + (-232 - -241) - -31.
32
What is the value of 8 + -15 + -21 + 17?
-11
What is the value of 23 + -11 + -14 + 19?
17
What is the value of 5 - (8 + 23) - (25 + -22)?
-29
Calculate -1 - ((25 - 79) + 22).
31
Calculate 1 + -6 - (11 + (-2 - 11 - -1)).
-4
What is 526 + -503 + 0 + -21?
2
Calculate -13 + (-42 - -20 - -12).
-23
54 + -25 + (-3 - 5)
21
34 - (82 + -31 + -27)
10
What is -326 + 343 - (15 - -1)?
1
Calculate 1 - 7 - (-1 + -3 + (-18 - -10)).
6
What is 1 - (1 + -7 + 1 + 9)?
-3
3 + -9 - 25 - (-8 - (-2 - 3))
-28
Evaluate -9 + 24 + (-16 - 16).
-17
What is 7 + -2 + -5 + (0 - -3) + 0?
3
What is the value of -3 + (-10 - (13 - 20)) + -30?
-36
What is the value of (44 - (36 + 12)) + (1 - -28)?
25
What is 4 + -2 - ((172 - 196) + -1 + 12)?
15
Calculate (-5 - -14) + (-10 - -11).
10
-5 - -8 - (-26 + 21)
8
Calculate 11 + -11 + -8 - -2 - (-7 - -1).
0
Evaluate -31 - -37 - (3 - (1 - 1) - 5).
8
Calculate 3 + (-13 - (0 - (0 + 1))).
-9
What is the value of (9 - -4) + -3 - 16?
-6
Calculate -27 + 12 + 11 + -9.
-13
-9 + 1 - (0 - (1 + 7 + -9))
-9
-54 + 47 + (3 + 1 - (7 + 0))
-10
Calculate (-3 - -14) + -10 + (11 - 8) - -1.
5
What is the value of 0 - -2 - (-14 + 9 - -6)?
1
What is the value of -10 + -8 + (-7 - -11) - 7?
-21
Evaluate -62 - (-4 - (-6 - -35)).
-29
-15 + (10 - (-2 - 4))
1
What is the value of 27 + (-63 - (6 + -18))?
-24
Calculate -8 + 0 + 12 + (27 - 44).
-13
What is the value of 3 - 1 - (-11 + (32 - 11) + -4)?
-4
Calculate 11 + -19 + (6 - -5).
3
-55 + 50 + 12 - (-4 - 1)
12
-12 - (-11 + -8) - (0 - 5)
12
-9 + (10 - -1 - 9) + -5
-12
(12 - 5) + -2 + 1 + -1 + -18
-13
What is (40 - 14) + -18 + (-1 - -9)?
16
Evaluate -50 - -24 - (-11 - -12 - 1).
-26
What is -2 - (1 - -32 - (9 - (-5 + 9)))?
-30
-8 - (-22 + 26 + (-2 - (-2 - 0)))
-12
Evaluate 14 - (20 - (5 + -2)).
-3
Evaluate 50 + -44 - (-1 + (-4 - -4)).
7
Calculate 13 + (-7 - -15 - 31).
-10
What is the value of (31 - 13) + 11 + -16?
13
Evaluate -25 + 7 + (1 - 2).
-19
Evaluate (22 - (-8 + 15 - 11)) + (-6 - 2).
18
What is the value of 15 - (47 - 53 - (11 + -4))?
28
What is the value of -23 + (16 + 20 - 13)?
0
What is the value of -11 - (10 + (-11 - 2))?
-8
Evaluate -13 + 3 + -14 + (19 + -14 - -3).
-16
Calculate 6 + (-10 + -13 - -20 - -11).
14
What is -37 + 36 - (-5 - -1)?
3
Evaluate -1 - -4 - (58 + -45) - 9.
-19
Calculate 22 + (16 - 39) + -1 + 1.
-1
Calculate 2 - 0 - -1 - ((21 - 30) + 10).
2
What is 18 + -3 + -9 + (2 - -5)?
13
Calculate 43 + -55 - (-1 + -3).
-8
12 - (13 - (49 + -25))
23
What is the value of 22 + -3 + (-122 - -126) + (-2 - 6)?
15
What is 0 + 17 + (-364 - -352)?
5
Evaluate 2 - -10 - ((9 - 32) + 12).
23
Evaluate (-2 - (16 - 13)) + -1 + -3 + 4.
-5
Evaluate 7 - (5 - -9 - 8).
1
6 - (-6 + (11 - (5 - (-5 + 7))))
4
(3 - 0) + -10 + (13 - 11)
-5
11 + -15 + 11 + -5 + -20
-18
What is -6 + (1 - -2) - (-188 - -180) - 29?
-24
Calculate 5 + 13 + -34 + 15.
-1
Calculate -5 + 9 - ((12 - 6) + 16 - 6).
-12
What is (5 - 0) + (-3 + -1 - 4)?
-3
Calculate (13 + -35 + 19 - -8) + -13.
-8
9 - (12 + -10 - -25)
-18
What is 1 - (1 + -16 - -14)?
2
15 - -8 - 16 - -6
13
(-3 - 13) + 36 + -13 + -23
-16
What is (1 + -1 - -4) + 6 + -16 - 4?
-10
Calculate (3 - -4) + 3 - (-26 + 34).
2
Calculate -6 + ((-6 - -2) + 1 - 5 - -8).
-6
What is the value of -41 + 18 + (9 - 18) + -3?
-35
Evaluate 7 + (0 - (14 + -13)).
6
Calculate -23 + (34 - 14) + (2 - 3).
-4
What is the value of 25 + (-29 + -12 - -35)?
19
-8 - (-4 + (11 - 10) + 8)
-13
Evaluate (-10 - (-42 - -25)) + -1.
6
What is the value of -1 + 0 + 23 + -18 - 0?
4
Evaluate 2 - (9 + -8 + -3 + 0) - 29.
-25
What is (6 - 10 - (-3 + 1 + 4)) + -2?
-8
What is (44 - (32 + -13)) + -12?
13
Calculate 4 + (-10 - -1) - (20 + -33).
8
What is the value of 1 + 10 + 4 + -6 + (2 - 3)?
8
-2 - (7 + (5 + -2 - 7) + -6)
1
What is 3 + -6 + (10 - 11) + 9?
5
Calculate (1 - (-1 - -5)) + (-12 - -12 - -17).
14
What is the value of -2 - (-6 + (2 + -3 - -5) + 1)?
-1
What is -2 + (-2 - 11 - -11)?
-4
What is 638 - 638 - ((-2 - 0) + 11)?
-9
Calculate (0 - 13) + 28 + 1 + 0.
16
What is the value of 42 - ((1 - (-3 - 1) - -4) + -1)?
34
-10 - (-10 - (-19 - -8))
-11
(7 + -28 - -4) + (-2 - (11 - 4))
-26
Evaluate 5 - (0 - -1) - -10.
14
What is -1 - (-11 - -3 - -7 - 8)?
8
Evaluate 8 + -27 + 24 + (3 - 1).
7
What is the value of 15 + -23 + 13 + 2 + -2?
5
(17 - -7) + -52 + 14
-14
25 - (16 + -9) - 10
8
Calculate -3 + (2 - (-3 + (-3 - -6))) + 16.
15
What is -3 - 0 - (-45 - -52 - (-3 - -12))?
-1
What is the value of -6 + 27 + -2 + -3?
16
What is -4 - 2 - (15 - (19 + -14))?
-16
Evaluate -4 + (9 - 3) - (0 + -6).
8
What is 16 + -2 + 1 + -32?
-17
What is the value of -3 + -3 + 17 - 3?
8
25 + (-18 - -16 - 30)
-7
-5 + 0 + 6 + -23 + 31
9
Calculate (6 - (-1 + 2 + -1 - -8)) + 6.
4
Evaluate -17 + -1 + -24 + 35.
-7
Evaluate (17 - (0 + 5)) + -12.
0
Calculate 15 + (5 - (2 + 13)).
5
What is the value of (-6 + 7 - (-29 - -19)) + -1?
10
What is the value of -8 + 6 + -2 + 14 + -14?
-4
(-7 + 5 - -4 - 3) + (1 - 5)
-5
What is the value of -4 - (-16 - -20) - (-1 + -1)?
-6
Calculate (-22 - (-10 - 10)) + (-1 - -1 - 7).
-9
What is the value of -8 + 30 - (-3 + -1 - 1 - -11)?
16
Evaluate (1 - 0) + 4 + (-616 - -648).
37
What is 11 - (1 - -1 - 6)?
15
What is the value of -5 + (-1 - 1) - (-3 + -45 - -55)?
-14
What is the value of -8 - ((-2 - -9) + -18 + 2) - 4?
-3
What is the value of -8 + (7 - (1 + -6 + 2))?
2
What is the value of 1 - (-9 + (-1 - -36))?
-25
-3 + 0 + -44 + 89 + -45
-3
Calculate 269 - 250 - (1 + 3) - 9.
6
What is -7 - 1 - (1 + -8 - (39 + -45))?
-7
What is the value of 13 + (-4 - (-2 + 2 - 3))?
12
Calculate -5 + (0 - -2) - (-729 + 717).
9
Evaluate 9 + 21 + -27 - -13.
16
24 + -63 + -24 + 37
-26
Calculate 6 + (-6 - -9) + 5 + -4.
10
Evaluate 2 + (-3 + (-6 - 0 - -15) - 12).
-4
Evaluate -8 + 0 + -15 + 21.
-2
-2 - -4 - (13 - -1 - -21 - 8)
-25
What is (-5 - (0 + 1)) + (23 + -20 - 4)?
-7
Evaluate 36 - 7 - 8 - -4.
25
What is 0 - -2 - (0 + (-3 - -7))?
-2
Calculate 23 - ((-18 - 0) + 40) - (1 - 11).
11
Calculate (-34 - -40) + -41 + (-2 - -1 - -11).
-25
Evaluate 1 - 16 - (90 + -40 + -35).
-30
Evaluate (9 - 5 - -4) + -8 - (23 - 19).
-4
Calculate 175 + -173 - (1 - (3 + -6)).
-2
What is the value of -1 + 19 - (-96 - -115)?
-1
Evaluate -4 - (-18 + -3 - -4).
13
Calculate -18 + 8 + 15 + -8 + -10.
-13
What is (-2 - -1) + (5 - (0 - -7))?
-3
Evaluate ((-6 - -1) + 7 - -2) + 23 - -12.
39
What is 34 + (21 - (32 - -14))?
9
What is (-3 - (-4 + 1) - 1) + -415 + 446?
30
What is the value of (-1 - 2) + (-2 - -4) + 5 + -12?
-8
What is the value of 15 - (-43 - -19 - -42)?
-3
Calculate -19 + -3 + 10 - -27.
15
What is (0 + 2 - 10) + (-1915 - -1914)?
-9
What is the value of -1 + 0 - ((-21 - -17) + (-2 - 2))?
7
-35 - -12 - (98 + -98)
-23
What is the value of (5 - (23 - (-3 - (19 + -10)))) + 11?
-19
What is the value of 13 - (1 + 10 + -3 - -27)?
-22
Calculate (-1 + -4 - -7) + 10.
12
Calculate -9 - (10 + (-15 + 9 - 6)).
-7
1 + -2 + -1 + -286 + 288
0
What is (26 - -7) + -7 + -21?
5
Evaluate 10 - (-4 + (6 - -3) + 8).
-3
Evaluate 0 - 5 - ((37 - 21) + -27).
6
Calculate -1 - 0 - (-10 + 13) - (1 - -4).
-9
Calculate (-6 - -25 - 5) + -3.
11
Evaluate -3 + -11 + 0 + 26.
12
Evaluate (56 - 25) + -77 + 28.
-18
Evaluate -7 + (11 - 3) - 0.
1
Calculate -5 + (7 - (-1 - (-7 - -7))).
3
6 + -2 + -5 + 7 + (-7 - 4)
-5
-1089 + 1110 + -1 + 0
20
What is 2 - (-11 + 9 + -23)?
27
-27 + (73 - 36) + -1 + 1
10
Calculate 60 + -49 - (3 + 16).
-8
What is 1 + 0 + -4 + (18 - (-57 + 68))?
4
What is the value of 24 - (78 + -31 - 14)?
-9
What is the value of 0 - -6 - (10 - (-16 + 4 + 3))?
-13
What is 21 - (-8 - -22) - (13 + 1)?
-7
Evaluate 4 - ((6 - -1) + 3).
-6
10 - (10 - 15 - (0 + 0 + -3))
12
What is (-3720 - -3743) + (-1 - (8 - 0) - 1)?
13
What is 27 - (-65 - -104) - (-5 - -1)?
-8
What is -18 - (-3 + -4 + (-1 - -10)) - 7?
-27
What is 8 + (6 - 5 - 2) + -2?
5
What is the value of 12 + -35 + 19 + 21 + -36?
-19
(894 - 916) + (1 - 1) + 8
-14
What is 8 - 0 - (-3 + 10) - 2 - 7?
-8
What is the value of 3 + 27 + -23 + -15?
-8
Calculate -19 + (7 - (-8 - (-12 - -4))).
-12
What is (-1 + (0 - -1 - 5) - 4) + -5?
-14
-40 + (22 + -12 - -5)
-25
What is the value of 7 - ((-43 - -62) + -24)?
1